{"id":2352,"date":"2024-09-21T09:20:41","date_gmt":"2024-09-21T12:20:41","guid":{"rendered":"https:\/\/hadgitec.com.br\/loja\/?post_type=product&#038;p=2352"},"modified":"2024-09-21T09:20:41","modified_gmt":"2024-09-21T12:20:41","slug":"fone-ouvido-hmaston-rs20-bluetooth-5-3-bateria-5hs-res-suor-cor-branco","status":"publish","type":"product","link":"https:\/\/hadgitec.com.br\/loja\/produto\/fone-ouvido-hmaston-rs20-bluetooth-5-3-bateria-5hs-res-suor-cor-branco\/","title":{"rendered":"Fone Ouvido H&#8217;maston Rs20 Bluetooth 5.3 Bateria 5hs Res Suor Cor Branco"},"content":{"rendered":"<p>Fone Ouvido H&#8217;maston Rs20 Bluetooth 5.3 Bateria 5hs Res Suor<\/p>\n<p>O extraordin\u00e1rio Fone de Ouvido H\u00b4MASTON RS20 foi meticulosamente projetado para elevar o seu desempenho esportivo a patamares inimagin\u00e1veis. Criado pelo renomado fabricante H\u00b4MASTON, este modelo \u00e9 a s\u00edntese perfeita de eleg\u00e2ncia, resist\u00eancia \u00e0 \u00e1gua e tecnologia de ponta.<\/p>\n<p>Com a incr\u00edvel funcionalidade de 14 comandos de toque, o H\u00b4MASTON RS20 proporciona uma experi\u00eancia intuitiva e pr\u00e1tica, permitindo que voc\u00ea domine as fun\u00e7\u00f5es do seu fone com facilidade. E agora, com a avan\u00e7ada vers\u00e3o de Bluetooth 5.3, sua conex\u00e3o \u00e9 ainda mais est\u00e1vel, garantindo uma qualidade sonora excepcional.<\/p>\n<p>Eleve a sua experi\u00eancia a um novo patamar com o comando de voz integrado, oferecendo uma intera\u00e7\u00e3o ainda mais conveniente. Seu uso se torna uma verdadeira experi\u00eancia futurista, onde suas m\u00fasicas favoritas est\u00e3o a apenas um comando de voz de dist\u00e2ncia.<\/p>\n<p>N\u00e3o permita que imprevistos atrapalhem o seu ritmo. O H\u00b4MASTON RS20 \u00e9 resistente \u00e0 \u00e1gua, garantindo durabilidade mesmo em condi\u00e7\u00f5es adversas. Com uma autonomia impressionante de 5 horas, este fone est\u00e1 pronto para ser o seu parceiro em treinos, corridas e nas atividades do dia a dia.<\/p>\n<p>Para a sua comodidade, o fone \u00e9 acompanhado de um estojo recarreg\u00e1vel, assegurando que a trilha sonora perfeita esteja sempre ao seu alcance. O design elegante e moderno do modelo RS20 adiciona um toque de estilo \u00e0 sua rotina, destacando-se como a escolha ideal para quem busca qualidade, inova\u00e7\u00e3o e sofistica\u00e7\u00e3o em um \u00fanico dispositivo.<\/p>\n<p>Eleve o seu desempenho auditivo a um novo patamar com o H\u00b4MASTON RS20. Adquira o seu agora e descubra o que \u00e9 realmente desfrutar de m\u00fasica com estilo e tecnologia incompar\u00e1veis. Sua busca por excel\u00eancia acaba de encontrar o parceiro perfeito.<\/p>\n","protected":false},"excerpt":{"rendered":"<p>Fone Ouvido H&#8217;maston Rs20<\/p>\n","protected":false},"featured_media":2353,"comment_status":"open","ping_status":"closed","template":"","meta":[],"product_brand":[],"product_cat":[127],"product_tag":[128,129],"class_list":{"0":"post-2352","1":"product","2":"type-product","3":"status-publish","4":"has-post-thumbnail","6":"product_cat-fone-bluetooth","7":"product_tag-fone-bluetooth","8":"product_tag-fone-de-ouvido","10":"first","11":"instock","12":"shipping-taxable","13":"purchasable","14":"product-type-simple"},"_links":{"self":[{"href":"https:\/\/hadgitec.com.br\/loja\/wp-json\/wp\/v2\/product\/2352","targetHints":{"allow":["GET"]}}],"collection":[{"href":"https:\/\/hadgitec.com.br\/loja\/wp-json\/wp\/v2\/product"}],"about":[{"href":"https:\/\/hadgitec.com.br\/loja\/wp-json\/wp\/v2\/types\/product"}],"replies":[{"embeddable":true,"href":"https:\/\/hadgitec.com.br\/loja\/wp-json\/wp\/v2\/comments?post=2352"}],"wp:featuredmedia":[{"embeddable":true,"href":"https:\/\/hadgitec.com.br\/loja\/wp-json\/wp\/v2\/media\/2353"}],"wp:attachment":[{"href":"https:\/\/hadgitec.com.br\/loja\/wp-json\/wp\/v2\/media?parent=2352"}],"wp:term":[{"taxonomy":"product_brand","embeddable":true,"href":"https:\/\/hadgitec.com.br\/loja\/wp-json\/wp\/v2\/product_brand?post=2352"},{"taxonomy":"product_cat","embeddable":true,"href":"https:\/\/hadgitec.com.br\/loja\/wp-json\/wp\/v2\/product_cat?post=2352"},{"taxonomy":"product_tag","embeddable":true,"href":"https:\/\/hadgitec.com.br\/loja\/wp-json\/wp\/v2\/product_tag?post=2352"}],"curies":[{"name":"wp","href":"https:\/\/api.w.org\/{rel}","templated":true}]}}