{"id":2304,"date":"2024-09-20T14:32:24","date_gmt":"2024-09-20T17:32:24","guid":{"rendered":"https:\/\/hadgitec.com.br\/loja\/?post_type=product&#038;p=2304"},"modified":"2024-09-20T14:32:24","modified_gmt":"2024-09-20T17:32:24","slug":"teclado-gamer-single-hand-rainbow-lighting-apoio-de-punho-cor-de-teclado-preto","status":"publish","type":"product","link":"https:\/\/hadgitec.com.br\/loja\/produto\/teclado-gamer-single-hand-rainbow-lighting-apoio-de-punho-cor-de-teclado-preto\/","title":{"rendered":"Teclado Gamer Single Hand Rainbow Lighting Apoio De Punho Cor de teclado Preto"},"content":{"rendered":"<p>Tenha capacidade de apertar v\u00e1rias teclas ao mesmo tempo e assim podendo explorar o m\u00e1ximo de suas habilidades. Al\u00e9m de te auxiliar em jogos online, voc\u00ea tamb\u00e9m ter\u00e1 mais espa\u00e7o e conforto.<br \/>\nIlumina\u00e7\u00e3o LED Rgb e centralizada, luz uniforme para f\u00e1cil visualiza\u00e7\u00e3o. O melhor desempenho da categoria, 3x mais r\u00e1pido que os teclados convencionais.<\/p>\n<p>Caracter\u00edsticas:<\/p>\n<p>Todas as teclas anti-ghosting;<br \/>\nIlumina\u00e7\u00e3o LED Rainbow Lighting;<br \/>\nTecla ON\/OFF para ilumina\u00e7\u00e3o;<br \/>\nDescanso de punho.<\/p>\n<p>Especifica\u00e7\u00f5es:<\/p>\n<p>Marca: Knup;<br \/>\nModelo: KP-TM006;<br \/>\nQuantidade de teclas: 35;<br \/>\nConex\u00e3o: USB;<br \/>\nPlug and Play;<br \/>\ncomprimento do cabo: 1,70m;<br \/>\nDimens\u00f5es: 257 x 174 x 33 (C x L x A);<\/p>\n","protected":false},"excerpt":{"rendered":"<h1 class=\"ui-pdp-title\">Teclado Gamer Single Hand Rainbow Lighting<\/h1>\n","protected":false},"featured_media":2305,"comment_status":"open","ping_status":"closed","template":"","meta":[],"product_brand":[],"product_cat":[73],"product_tag":[115,116],"class_list":{"0":"post-2304","1":"product","2":"type-product","3":"status-publish","4":"has-post-thumbnail","6":"product_cat-teclados-informatica","7":"product_tag-gamer","8":"product_tag-teclado-gamer","10":"first","11":"instock","12":"shipping-taxable","13":"purchasable","14":"product-type-simple"},"_links":{"self":[{"href":"https:\/\/hadgitec.com.br\/loja\/wp-json\/wp\/v2\/product\/2304","targetHints":{"allow":["GET"]}}],"collection":[{"href":"https:\/\/hadgitec.com.br\/loja\/wp-json\/wp\/v2\/product"}],"about":[{"href":"https:\/\/hadgitec.com.br\/loja\/wp-json\/wp\/v2\/types\/product"}],"replies":[{"embeddable":true,"href":"https:\/\/hadgitec.com.br\/loja\/wp-json\/wp\/v2\/comments?post=2304"}],"wp:featuredmedia":[{"embeddable":true,"href":"https:\/\/hadgitec.com.br\/loja\/wp-json\/wp\/v2\/media\/2305"}],"wp:attachment":[{"href":"https:\/\/hadgitec.com.br\/loja\/wp-json\/wp\/v2\/media?parent=2304"}],"wp:term":[{"taxonomy":"product_brand","embeddable":true,"href":"https:\/\/hadgitec.com.br\/loja\/wp-json\/wp\/v2\/product_brand?post=2304"},{"taxonomy":"product_cat","embeddable":true,"href":"https:\/\/hadgitec.com.br\/loja\/wp-json\/wp\/v2\/product_cat?post=2304"},{"taxonomy":"product_tag","embeddable":true,"href":"https:\/\/hadgitec.com.br\/loja\/wp-json\/wp\/v2\/product_tag?post=2304"}],"curies":[{"name":"wp","href":"https:\/\/api.w.org\/{rel}","templated":true}]}}