{"id":2242,"date":"2023-01-08T22:16:12","date_gmt":"2023-01-09T01:16:12","guid":{"rendered":"https:\/\/hadgitec.com.br\/loja\/?post_type=product&#038;p=2242"},"modified":"2024-09-20T13:40:06","modified_gmt":"2024-09-20T16:40:06","slug":"suporte-celular-carro-lelong","status":"publish","type":"product","link":"https:\/\/hadgitec.com.br\/loja\/produto\/suporte-celular-carro-lelong\/","title":{"rendered":"Suporte Celular Carro lelong"},"content":{"rendered":"<h2 class=\"ui-pdp-description__title\">Descri\u00e7\u00e3o<\/h2>\n<p class=\"ui-pdp-description__content\">Suporte Universal Celular Painel Carro Le-028<br \/>\nCaracter\u00edsticas principais<br \/>\nMarca\u00a0\u00a0\u00a0 Lelong \u00e9 IT-BLUE<br \/>\nLinha\u00a0\u00a0\u00a0 Suporte veicular PAINEL<br \/>\nModelo\u00a0\u00a0\u00a0 LE-028<br \/>\nOutras caracter\u00edsticas<\/p>\n<p>Tamanho m\u00ednimo da tela: 4 in<\/p>\n<p>Fixa\u00e7\u00e3o do suporte: ventosa<\/p>\n<p>Fixa\u00e7\u00e3o do telefone: trava<\/p>\n<p>Montagem: encaixe<\/p>\n<p>\u00c9 kit: N\u00e3o<\/p>\n<p>Descri\u00e7\u00e3o<\/p>\n<p>Suporte Universal IT-BLUE Lelong Le-028<\/p>\n<p>Suc\u00e7\u00e3o para Celulares e Smartphones Almofada de inovador suc\u00e7\u00e3o ultra-pegajosa, vai ficar com qualquer superf\u00edcie de vidro, bem como nenhum painel curvo.<br \/>\nCavalete de carro universal adequada para os maiores celulares<br \/>\nF\u00e1cil montagem<br \/>\nTotalmente ajust\u00e1vel<\/p>\n","protected":false},"excerpt":{"rendered":"<p>Suporte Universal Celular Painel Carro<\/p>\n","protected":false},"featured_media":2243,"comment_status":"open","ping_status":"closed","template":"","meta":[],"product_brand":[],"product_cat":[94,84],"product_tag":[],"class_list":{"0":"post-2242","1":"product","2":"type-product","3":"status-publish","4":"has-post-thumbnail","6":"product_cat-suporte-carro","7":"product_cat-acessorios-para-celulares","9":"first","10":"instock","11":"shipping-taxable","12":"purchasable","13":"product-type-simple"},"_links":{"self":[{"href":"https:\/\/hadgitec.com.br\/loja\/wp-json\/wp\/v2\/product\/2242","targetHints":{"allow":["GET"]}}],"collection":[{"href":"https:\/\/hadgitec.com.br\/loja\/wp-json\/wp\/v2\/product"}],"about":[{"href":"https:\/\/hadgitec.com.br\/loja\/wp-json\/wp\/v2\/types\/product"}],"replies":[{"embeddable":true,"href":"https:\/\/hadgitec.com.br\/loja\/wp-json\/wp\/v2\/comments?post=2242"}],"wp:featuredmedia":[{"embeddable":true,"href":"https:\/\/hadgitec.com.br\/loja\/wp-json\/wp\/v2\/media\/2243"}],"wp:attachment":[{"href":"https:\/\/hadgitec.com.br\/loja\/wp-json\/wp\/v2\/media?parent=2242"}],"wp:term":[{"taxonomy":"product_brand","embeddable":true,"href":"https:\/\/hadgitec.com.br\/loja\/wp-json\/wp\/v2\/product_brand?post=2242"},{"taxonomy":"product_cat","embeddable":true,"href":"https:\/\/hadgitec.com.br\/loja\/wp-json\/wp\/v2\/product_cat?post=2242"},{"taxonomy":"product_tag","embeddable":true,"href":"https:\/\/hadgitec.com.br\/loja\/wp-json\/wp\/v2\/product_tag?post=2242"}],"curies":[{"name":"wp","href":"https:\/\/api.w.org\/{rel}","templated":true}]}}