{"id":2238,"date":"2023-01-08T22:07:39","date_gmt":"2023-01-09T01:07:39","guid":{"rendered":"https:\/\/hadgitec.com.br\/loja\/?post_type=product&#038;p=2238"},"modified":"2024-09-20T13:46:45","modified_gmt":"2024-09-20T16:46:45","slug":"maquina-aparador-winner-depilador-de-pelos-do-nariz-orelha","status":"publish","type":"product","link":"https:\/\/hadgitec.com.br\/loja\/produto\/maquina-aparador-winner-depilador-de-pelos-do-nariz-orelha\/","title":{"rendered":"Maquina Aparador Winner Depilador De Pelos Do Nariz Orelha"},"content":{"rendered":"<h2 class=\"ui-pdp-description__title\">Descri\u00e7\u00e3o<\/h2>\n<p class=\"ui-pdp-description__content\">Aparador Depilador De Pelos Do Nariz E Orelha Kemei KM-6512<\/p>\n<p>Esteja sempre com a apar\u00eancia higi\u00eanica e saud\u00e1vel. Com esse produto fica muito mais pr\u00e1tico cuidar do corpo!<br \/>\nEste Aparador de pelos de nariz e orelhas possui l\u00e2mina de a\u00e7o girat\u00f3rio de alta efici\u00eancia e designer leve e ergon\u00f4mico<\/p>\n<p>que proporcionam precis\u00e3o de corte, suavidade e seguran\u00e7a.<br \/>\nVem com tampa protetora para l\u00e2mina e pode ser utilizado com 1 pilha AA (n\u00e3o inclusa).<\/p>\n<p>Caracter\u00edsticas:<\/p>\n<p>&#8211; Aparador de pelos do nariz e orelha, pr\u00e1tico, leve e port\u00e1til<br \/>\n&#8211; Extrema precis\u00e3o de corte devido a l\u00e2mina de alta efici\u00eancia.<br \/>\n&#8211; Possui corpo emborrachado e tampa protetora da l\u00e2mina para sua seguran\u00e7a e suavidade.<br \/>\n&#8211; Apare de forma precisa e uniforme.<br \/>\n&#8211; Alimenta\u00e7\u00e3o: 1 Pilha AA (N\u00e3o Inclusa)<br \/>\n&#8211; Dimens\u00e3o (D x A): 3 x 13 cm<br \/>\n&#8211; Peso L\u00edquido: 43 g\/ 1.52 oz<br \/>\n&#8211; Cor: Prata com preto<\/p>\n<p>ITENS INCLUSOS:<br \/>\n1 Aparador Depilador De Pelos Do Nariz E Orelha Kemei KM-6512<\/p>\n<p>1 Escovinha removedora de pelos<\/p>\n","protected":false},"excerpt":{"rendered":"<p>Depilador De Pelos Do Nariz Orelha<\/p>\n","protected":false},"featured_media":2239,"comment_status":"open","ping_status":"closed","template":"","meta":[],"product_brand":[],"product_cat":[93],"product_tag":[],"class_list":{"0":"post-2238","1":"product","2":"type-product","3":"status-publish","4":"has-post-thumbnail","6":"product_cat-maquina-aparador","8":"first","9":"instock","10":"shipping-taxable","11":"purchasable","12":"product-type-simple"},"_links":{"self":[{"href":"https:\/\/hadgitec.com.br\/loja\/wp-json\/wp\/v2\/product\/2238","targetHints":{"allow":["GET"]}}],"collection":[{"href":"https:\/\/hadgitec.com.br\/loja\/wp-json\/wp\/v2\/product"}],"about":[{"href":"https:\/\/hadgitec.com.br\/loja\/wp-json\/wp\/v2\/types\/product"}],"replies":[{"embeddable":true,"href":"https:\/\/hadgitec.com.br\/loja\/wp-json\/wp\/v2\/comments?post=2238"}],"wp:featuredmedia":[{"embeddable":true,"href":"https:\/\/hadgitec.com.br\/loja\/wp-json\/wp\/v2\/media\/2239"}],"wp:attachment":[{"href":"https:\/\/hadgitec.com.br\/loja\/wp-json\/wp\/v2\/media?parent=2238"}],"wp:term":[{"taxonomy":"product_brand","embeddable":true,"href":"https:\/\/hadgitec.com.br\/loja\/wp-json\/wp\/v2\/product_brand?post=2238"},{"taxonomy":"product_cat","embeddable":true,"href":"https:\/\/hadgitec.com.br\/loja\/wp-json\/wp\/v2\/product_cat?post=2238"},{"taxonomy":"product_tag","embeddable":true,"href":"https:\/\/hadgitec.com.br\/loja\/wp-json\/wp\/v2\/product_tag?post=2238"}],"curies":[{"name":"wp","href":"https:\/\/api.w.org\/{rel}","templated":true}]}}