{"id":2083,"date":"2021-05-22T22:25:55","date_gmt":"2021-05-23T01:25:55","guid":{"rendered":"https:\/\/hadgitec.com.br\/loja\/?post_type=product&#038;p=2083"},"modified":"2023-01-08T20:26:59","modified_gmt":"2023-01-08T23:26:59","slug":"novo-hw12-relogio-smartwatch-hw12-41mm-notificacoes-e-ligacoes-foto-de-face-new-2021-prata-e-rosa","status":"publish","type":"product","link":"https:\/\/hadgitec.com.br\/loja\/produto\/novo-hw12-relogio-smartwatch-hw12-41mm-notificacoes-e-ligacoes-foto-de-face-new-2021-prata-e-rosa\/","title":{"rendered":"NOVO HW12 RELOGIO SMARTWATCH HW12 41mm NOTIFICA\u00c7\u00d5ES E LIGA\u00c7\u00d5ES FOTO DE FACE NEW 2021 PRATA e ROSA"},"content":{"rendered":"<p>O novo lan\u00e7amento HW12 ROSA com lindo design, tela infinita, diversas watchfaces, troca pulseira, fazer e recebe liga\u00e7\u00e3o e muito mais!! Requisitos do sistema Android 4.4 ou superior, IOS 8.0 ou superior. PERGUNTAS FREQUENTES: &#8211; Registro de exerc\u00edcio: ped\u00f4metro, tempo de exerc\u00edcio, quilometragem de exerc\u00edcio, consumo de calorias, monitoramento do sono, salvar 30 dias de exerc\u00edcio (APP) \/ dados do sono &#8211; Monitoramento de sa\u00fade: medi\u00e7\u00e3o da frequ\u00eancia card\u00edaca em tempo real (din\u00e2mica e est\u00e1tica), medi\u00e7\u00e3o da press\u00e3o arterial (medir a press\u00e3o arterial em um momento definido), satura\u00e7\u00e3o de oxig\u00eanio no sangue, monitoramento da fadiga &#8211; Lembrete inteligente: Lembrete inteligente: lembrete personalizado, lembrete de \u00e1gua pot\u00e1vel, lembrete sedent\u00e1rio, lembrete de chamada, envio de informa\u00e7\u00f5es (SMS \/ QQ \/ WeChat \/ Facebook \/ Twitter \/ whatAPP \/ Instagram \/ LinkedIn \/ Messenger e muito mais&#8230; Recursos: &#8211; Apresenta\u00e7\u00e3o da tela com divis\u00e3o inteligente + 3 estilos menos din\u00e2micos, para atender \u00e0s suas necessidades di\u00e1rias, opera\u00e7\u00e3o do bot\u00e3o, desligar sua personalidade. &#8211; O bot\u00e3o lateral pode performar opera\u00e7\u00f5es como p\u00e1gina de rota\u00e7\u00e3o, alternar a interface, ampliar o bot\u00e3o de zoom \/ fora e o controle de brilho. &#8211; A criptografia de alta resist\u00eancia inteligente a algumas algumas protege sua privacidade pessoal a qualquer momento e em qualquer lugar, oferecendo um mundo privado. &#8211; Equipado com o novo APP Wearfit Pro, um APP super-inteligente que integra fitness esportes, gerenciamento, equipamento social, ferramentas, an\u00e1lise de dados de sa\u00fade, armazenamento e gerenciamento de sa\u00fade. &#8211; Detec\u00e7\u00e3o de dados de sa\u00fade: Mais de 08 tipos de fun\u00e7\u00f5es de gerenciamento de sa\u00fade, incluindo treinamento de respira\u00e7\u00e3o, Avalia\u00e7\u00e3o de estresse, gerenciamento do sono cient\u00edfico, detec\u00e7\u00e3o de oxig\u00eanio no sangue, monitoramento de 360 graus, etc. Especifica\u00e7\u00f5es: Chip de controle principal: Hs621 Tamanho da pulseira: 260mm * 20mm * 2.5mm Tamanho do corpo: 41mm * 34.5mm * 10.5mm Material do corpo: Liga de metal.<\/p>\n<p>&nbsp;<\/p>\n<div class=\"ast-oembed-container\"><iframe title=\"Smartwatch Vwar HW12 Unboxing Review - SISTEMA TOP! Faz chamadas? Vale a pena? \u00c9 bom? - HW12 Brasil\" width=\"500\" height=\"281\" src=\"https:\/\/www.youtube.com\/embed\/Wn02-XNntv0?feature=oembed\" frameborder=\"0\" allow=\"accelerometer; autoplay; clipboard-write; encrypted-media; gyroscope; picture-in-picture; web-share\" referrerpolicy=\"strict-origin-when-cross-origin\" allowfullscreen><\/iframe><\/div>\n","protected":false},"excerpt":{"rendered":"<p>O novo lan\u00e7amento HW12 com lindo design, tela infinita, diversas watchfaces, troca pulseira, fazer e recebe liga\u00e7\u00e3o e muito mais!!<\/p>\n<p>Requisitos do sistema Android 4.4 ou superior, IOS 8.0 ou superior.<\/p>\n","protected":false},"featured_media":2084,"comment_status":"open","ping_status":"closed","template":"","meta":[],"product_brand":[],"product_cat":[23],"product_tag":[55,27,29],"class_list":{"0":"post-2083","1":"product","2":"type-product","3":"status-publish","4":"has-post-thumbnail","6":"product_cat-relogios","7":"product_tag-hw12","8":"product_tag-relogio","9":"product_tag-smartwatch","11":"first","12":"outofstock","13":"shipping-taxable","14":"purchasable","15":"product-type-simple"},"_links":{"self":[{"href":"https:\/\/hadgitec.com.br\/loja\/wp-json\/wp\/v2\/product\/2083","targetHints":{"allow":["GET"]}}],"collection":[{"href":"https:\/\/hadgitec.com.br\/loja\/wp-json\/wp\/v2\/product"}],"about":[{"href":"https:\/\/hadgitec.com.br\/loja\/wp-json\/wp\/v2\/types\/product"}],"replies":[{"embeddable":true,"href":"https:\/\/hadgitec.com.br\/loja\/wp-json\/wp\/v2\/comments?post=2083"}],"wp:featuredmedia":[{"embeddable":true,"href":"https:\/\/hadgitec.com.br\/loja\/wp-json\/wp\/v2\/media\/2084"}],"wp:attachment":[{"href":"https:\/\/hadgitec.com.br\/loja\/wp-json\/wp\/v2\/media?parent=2083"}],"wp:term":[{"taxonomy":"product_brand","embeddable":true,"href":"https:\/\/hadgitec.com.br\/loja\/wp-json\/wp\/v2\/product_brand?post=2083"},{"taxonomy":"product_cat","embeddable":true,"href":"https:\/\/hadgitec.com.br\/loja\/wp-json\/wp\/v2\/product_cat?post=2083"},{"taxonomy":"product_tag","embeddable":true,"href":"https:\/\/hadgitec.com.br\/loja\/wp-json\/wp\/v2\/product_tag?post=2083"}],"curies":[{"name":"wp","href":"https:\/\/api.w.org\/{rel}","templated":true}]}}