{"id":2018,"date":"2021-03-14T13:31:17","date_gmt":"2021-03-14T16:31:17","guid":{"rendered":"https:\/\/hadgitec.com.br\/loja\/?post_type=product&#038;p=2018"},"modified":"2024-09-20T14:19:57","modified_gmt":"2024-09-20T17:19:57","slug":"base-para-notebook-com-ventilador-10dor-10-a-156-pol-2-cooler-led-c3tech","status":"publish","type":"product","link":"https:\/\/hadgitec.com.br\/loja\/produto\/base-para-notebook-com-ventilador-10dor-10-a-156-pol-2-cooler-led-c3tech\/","title":{"rendered":"Base Para Notebook Com Ventilador 10 A 15,6 Pol 2 Cooler Led C3Tech"},"content":{"rendered":"<h2 class=\"ui-pdp-description__title\">Descri\u00e7\u00e3o<\/h2>\n<p class=\"ui-pdp-description__content\">N\u00e3o esquenta, esse Suporte veio Para Equilibrar a Temperatura do seu Notebook, NetBook ou MacBook!<\/p>\n<p>Oferece 5 possibilidades de Inclina\u00e7\u00e3o, proporcionando assim Melhor Angulo de Vis\u00e3o para longas horas de uso sem prejudicar suas m\u00e3os, pesco\u00e7o e costas.<\/p>\n<p>Conta com 2 coolers fan de 120 mm que mantem o seu notebook na Temperatura Ideal.<\/p>\n<p>Evita Superaquecimento e Prolonga a Vida \u00fatil do seu Equipamento.<\/p>\n<p>Tenha Seguran\u00e7a, Comodidade e Praticidade enquanto utiliza o seu notebook com a base refrigerada NBC-50 da C3Tech!<\/p>\n<p>Compat\u00edvel com notebooks de 10 a 15,6 polegadas;<\/p>\n<p>\u2022 Cooler Posicionado para maior refrigera\u00e7\u00e3o<br \/>\n\u2022 N\u00e3o \u00e9 barulhenta (ru\u00eddos s\u00e3o diminu\u00eddos)<br \/>\n\u2022 POSSUI 2 PORTAS USB<br \/>\n\u2022 TOTALMENTE ERGON\u00d4MICA<\/p>\n<p>Informa\u00e7\u00f5es T\u00e9cnicas:<\/p>\n<p>Regulagem de altura em 5 posi\u00e7\u00f5es;<br \/>\nCompat\u00edvel com notebooks de 10 a 15,6 polegadas;<br \/>\n2 Micro Ventiladores 12cm com led azul;<br \/>\nTamanho do fan: 125*125*15mm (2 un);<br \/>\nPorta USB adicional;<br \/>\nMaterial: Pl\u00e1stico e metal;<br \/>\nREGULAGEM DE ALTURA EM 5 POSI\u00c7\u00d5ES;<br \/>\nMarca: C3 Tech<br \/>\nModelo: NBC-50v2bk<br \/>\nRu\u00eddo: 20dBA;<br \/>\nFluxo de ar: 20CFM;<br \/>\nVoltagem de opera\u00e7\u00e3o: DC 5V;<br \/>\nVelocidade (Fan): 800-1000 \u00b110%RPM.<br \/>\n1 porta USB 2.0 dispon\u00edvel.<br \/>\nAltura da embalagem: 3,6 CM<br \/>\nLargura embalagem: 37 CM<br \/>\nComprimento embalagem: 26,2 CM<br \/>\nPeso embalagem: ,82 KG<\/p>\n<p>Requisitos m\u00ednimos do Sistema:<\/p>\n<p>1 porta USB 2.0 dispon\u00edvel.<\/p>\n<p>Outros<br \/>\nAltura: 3,00 cm<br \/>\nLargura: 25,00 cm<br \/>\nComprimento: 35,00 cm<br \/>\nPeso: 645,00g<\/p>\n<p>Itens Inclusos<\/p>\n<p>\u2022 01 Base para notebook.<br \/>\n\u2022 01 Cabo USB.<\/p>\n<div class=\"ast-oembed-container\"><iframe title=\"BASE PARA NOTEBOOK C3TECH NBC-50 \u00c9 BOA? | UNBOXING &amp; REVIEW\" width=\"500\" height=\"281\" src=\"https:\/\/www.youtube.com\/embed\/sO3vecYwoqM?feature=oembed\" frameborder=\"0\" allow=\"accelerometer; autoplay; clipboard-write; encrypted-media; gyroscope; picture-in-picture; web-share\" referrerpolicy=\"strict-origin-when-cross-origin\" allowfullscreen><\/iframe><\/div>\n","protected":false},"excerpt":{"rendered":"<p>Conta com 2 coolers fan de 120 mm que mantem o seu notebook na Temperatura Ideal.<\/p>\n","protected":false},"featured_media":2019,"comment_status":"open","ping_status":"closed","template":"","meta":[],"product_brand":[],"product_cat":[49],"product_tag":[50,52,51],"class_list":{"0":"post-2018","1":"product","2":"type-product","3":"status-publish","4":"has-post-thumbnail","6":"product_cat-acessorios","7":"product_tag-base-ventilada","8":"product_tag-notebook","9":"product_tag-refrigerar","11":"first","12":"instock","13":"shipping-taxable","14":"purchasable","15":"product-type-simple"},"_links":{"self":[{"href":"https:\/\/hadgitec.com.br\/loja\/wp-json\/wp\/v2\/product\/2018","targetHints":{"allow":["GET"]}}],"collection":[{"href":"https:\/\/hadgitec.com.br\/loja\/wp-json\/wp\/v2\/product"}],"about":[{"href":"https:\/\/hadgitec.com.br\/loja\/wp-json\/wp\/v2\/types\/product"}],"replies":[{"embeddable":true,"href":"https:\/\/hadgitec.com.br\/loja\/wp-json\/wp\/v2\/comments?post=2018"}],"wp:featuredmedia":[{"embeddable":true,"href":"https:\/\/hadgitec.com.br\/loja\/wp-json\/wp\/v2\/media\/2019"}],"wp:attachment":[{"href":"https:\/\/hadgitec.com.br\/loja\/wp-json\/wp\/v2\/media?parent=2018"}],"wp:term":[{"taxonomy":"product_brand","embeddable":true,"href":"https:\/\/hadgitec.com.br\/loja\/wp-json\/wp\/v2\/product_brand?post=2018"},{"taxonomy":"product_cat","embeddable":true,"href":"https:\/\/hadgitec.com.br\/loja\/wp-json\/wp\/v2\/product_cat?post=2018"},{"taxonomy":"product_tag","embeddable":true,"href":"https:\/\/hadgitec.com.br\/loja\/wp-json\/wp\/v2\/product_tag?post=2018"}],"curies":[{"name":"wp","href":"https:\/\/api.w.org\/{rel}","templated":true}]}}