{"id":2013,"date":"2021-03-14T13:13:59","date_gmt":"2021-03-14T16:13:59","guid":{"rendered":"https:\/\/hadgitec.com.br\/loja\/?post_type=product&#038;p=2013"},"modified":"2021-11-28T15:09:07","modified_gmt":"2021-11-28T18:09:07","slug":"repetidor-roteador-wireless-n-sinal-wifi-repeater-300mbps","status":"publish","type":"product","link":"https:\/\/hadgitec.com.br\/loja\/produto\/repetidor-roteador-wireless-n-sinal-wifi-repeater-300mbps\/","title":{"rendered":"Repetidor Roteador Wireless-n Sinal Wifi Repeater 300mbps"},"content":{"rendered":"<h2 class=\"ui-pdp-description__title\">Descri\u00e7\u00e3o<\/h2>\n<p class=\"ui-pdp-description__content\">CARACTER\u00cdSTICAS:<\/p>\n<p>Objetivo de melhorar a cobertura sem fio em todas as redes WLAN.<br \/>\nO acesso \u00e0 Internet para computadores localizados fora do alcance do seu ponto de acesso.<br \/>\nCompat\u00edvel com IEEE 802.11n, IEEE 802.11g, IEEE 802.11b.<br \/>\nFornece at\u00e9 300Mbps taxas de transmiss\u00e3o.<br \/>\nApoia redes de 2,4 GHz WLAN.<br \/>\nM\u00e1xima seguran\u00e7a WLAN com WPA2, WPA e WEP (128\/64).<br \/>\nAssistente de software para configura\u00e7\u00e3o simples.<br \/>\nAntenas 2dBi integradas.<br \/>\nSuporta o modo repetidor Wireless e Modo AP Standard.<\/p>\n<p>REQUERIMENTOS DO SISTEMA:<br \/>\nPonto de acesso WLAN \/ cliente de acordo com IEEE 802.11n, g, b.<br \/>\nCorrente el\u00e9trica de 110 ~ 220 volts<br \/>\nO cliente WLAN deve suportar pelo menos o padr\u00e3o de criptografia WPA.<br \/>\nInternet sem fios de acesso cliente WLAN com assistente autom\u00e1tica de endere\u00e7os IP (DHCP).<br \/>\nEncaminhamento de protocolos baseados em IPv4 \/ Address Resolution Protocol.<br \/>\nO nome da rede (SSID) do ponto de acesso WLAN deve ser definido como &#8220;vis\u00edvel&#8221;.<\/p>\n<p>ESPECIF\u00cdCA\u00c7\u00d5ES:<br \/>\nCor: Branco<br \/>\nFrequ\u00eancia: 2.4-2.4835GHz<br \/>\nFonte de alimenta\u00e7\u00e3o: 100V-240V AC<br \/>\nTemperatura durante opera\u00e7\u00e3o: 0 \u00b0 ~ 40 \u00b0<br \/>\nTemperatura de armazenamento: -40\u00b0 ~ 70\u00b0 Umidade relativa: 10% ~ 90% (sem condensa\u00e7\u00e3o)<br \/>\nDimens\u00f5es do produto: 11 * 6 * 7 cM<br \/>\nPeso do produto: 98g<\/p>\n<p>ITENS DA EMBALAGEM:<br \/>\n1X Repetidor Wireless-N<br \/>\n1X Cabo de rede RJ-45<br \/>\n1X Manual do Usu\u00e1rio<\/p>\n","protected":false},"excerpt":{"rendered":"<p>Objetivo de melhorar a cobertura sem fio em todas as redes WLAN.<\/p>\n","protected":false},"featured_media":2014,"comment_status":"open","ping_status":"closed","template":"","meta":[],"product_brand":[],"product_cat":[45],"product_tag":[46,48,39,47],"class_list":{"0":"post-2013","1":"product","2":"type-product","3":"status-publish","4":"has-post-thumbnail","6":"product_cat-repetidor","7":"product_tag-rede","8":"product_tag-repetidor","9":"product_tag-wifi","10":"product_tag-wireless","12":"first","13":"outofstock","14":"shipping-taxable","15":"purchasable","16":"product-type-simple"},"_links":{"self":[{"href":"https:\/\/hadgitec.com.br\/loja\/wp-json\/wp\/v2\/product\/2013","targetHints":{"allow":["GET"]}}],"collection":[{"href":"https:\/\/hadgitec.com.br\/loja\/wp-json\/wp\/v2\/product"}],"about":[{"href":"https:\/\/hadgitec.com.br\/loja\/wp-json\/wp\/v2\/types\/product"}],"replies":[{"embeddable":true,"href":"https:\/\/hadgitec.com.br\/loja\/wp-json\/wp\/v2\/comments?post=2013"}],"wp:featuredmedia":[{"embeddable":true,"href":"https:\/\/hadgitec.com.br\/loja\/wp-json\/wp\/v2\/media\/2014"}],"wp:attachment":[{"href":"https:\/\/hadgitec.com.br\/loja\/wp-json\/wp\/v2\/media?parent=2013"}],"wp:term":[{"taxonomy":"product_brand","embeddable":true,"href":"https:\/\/hadgitec.com.br\/loja\/wp-json\/wp\/v2\/product_brand?post=2013"},{"taxonomy":"product_cat","embeddable":true,"href":"https:\/\/hadgitec.com.br\/loja\/wp-json\/wp\/v2\/product_cat?post=2013"},{"taxonomy":"product_tag","embeddable":true,"href":"https:\/\/hadgitec.com.br\/loja\/wp-json\/wp\/v2\/product_tag?post=2013"}],"curies":[{"name":"wp","href":"https:\/\/api.w.org\/{rel}","templated":true}]}}