{"id":2009,"date":"2021-03-14T12:54:26","date_gmt":"2021-03-14T15:54:26","guid":{"rendered":"https:\/\/hadgitec.com.br\/loja\/?post_type=product&#038;p=2009"},"modified":"2024-09-20T14:20:32","modified_gmt":"2024-09-20T17:20:32","slug":"iluminador-ringhlight-8","status":"publish","type":"product","link":"https:\/\/hadgitec.com.br\/loja\/produto\/iluminador-ringhlight-8\/","title":{"rendered":"Iluminador Ringhlight 8&#8243; polegadas Com Trip\u00e9 De Mesa Luz De Led Usb"},"content":{"rendered":"<p>Imperd\u00edvel!<\/p>\n<p>Ilumina\u00e7\u00e3o \u00e9 o ponto principal para uma boa foto ou v\u00eddeo.<\/p>\n<p>Torne a qualidade de seus projetos maior com a luz<br \/>\ncont\u00ednua Ring Fill Light<\/p>\n<p>Com a sua luz na forma de aro voc\u00ea obter\u00e1 os efeitos de<br \/>\num est\u00fadio profissional em todas as suas fotos.<\/p>\n<p>S\u00e3o essas l\u00e2mpadas que criam esse efeito de olho de anjo<br \/>\nimpressionante nas fotografias.<\/p>\n<p>Este formato \u00e9 desenhado para fazer v\u00eddeos e<br \/>\nautorretratos de forma simples e eficaz.<\/p>\n<p>Um acess\u00f3rio indispens\u00e1vel para profissionais de<br \/>\nest\u00e9tica, esteticistas, cinegrafistas, maquiadores,<br \/>\nentusiastas da fotografia, fot\u00f3grafos, blogueiros,<br \/>\nsal\u00f5es de beleza, e quase todos os envolvidos em<br \/>\nfotografia e grava\u00e7\u00e3o de v\u00eddeo.<\/p>\n<p>Aumente a realiza\u00e7\u00e3o de seus projetos com ilumina\u00e7\u00e3o<br \/>\ncont\u00ednua Ring Fill Light.<\/p>\n<p>Agora \u00e9 poss\u00edvel ajustar a pot\u00eancia da ilumina\u00e7\u00e3o.<\/p>\n<p>Com seu dimmer voc\u00ea ser\u00e1 capaz de aproveitar ao m\u00e1ximo<br \/>\nos n\u00edveis de energia para diminuir ou aumentar a luz<br \/>\nemitida pelo seu aro de luz.<\/p>\n<p>O Ring Light possui uma camada de filtro difusor que<br \/>\nsuaviza a luz e a espalha mais uniformemente.<\/p>\n<p>A alimenta\u00e7\u00e3o do iluminador \u00e9 atrav\u00e9s de cabo USB (n\u00e3o<br \/>\nacompanha adaptador de tomada e n\u00e3o possui bateria<br \/>\ninterna recarreg\u00e1vel), voc\u00ea pode utilizar um adaptador<br \/>\nde tomada de celular para ligar ou conectar no USB do<br \/>\ncomputador ou outro equipamento que forne\u00e7a 5v USB.<\/p>\n<p>O cabo USB dever\u00e1 estar sempre ligado para funcionar.<\/p>\n<p>O Ring Light \u00e9 acompanhado de um trip\u00e9 de mesa, um<br \/>\nsuporte para celular e um Ballhead.<\/p>\n<p>O trip\u00e9 tamb\u00e9m serve para utilizar em outros equipamentos<br \/>\nde at\u00e9 1kg de peso, como projetores, celulares e etc.<\/p>\n<p>F\u00e1cil de usar, dur\u00e1vel e de pouco peso, facilitando<br \/>\no transporte.<\/p>\n<p>========================================================<br \/>\nRing Light Iluminador 6 Polegadas 16cm Trip\u00e9 Suporte Celular<\/p>\n<p>Muitas blogueiras e fot\u00f3grafos usam esse Ring Light.<\/p>\n<p>Pois o ambiente a ser captado fica com uma luz natural<br \/>\ne profissional.<\/p>\n<p>E com toda certeza uma luz extra e difusa sempre<br \/>\nmelhora a imagem.<\/p>\n<p>Filtros do Instagram, do Snapchat e outros recursos de<br \/>\nfotos e v\u00eddeos s\u00e3o totalmente compat\u00edveis.<\/p>\n<p>Claro, como n\u00e3o podia deixar de ser, ele tamb\u00e9m ajuda<br \/>\nmuito para tirar fotos e gravar v\u00eddeos com a c\u00e2mera<br \/>\nprincipal do celular.<\/p>\n<p>Simplesmente o MELHOR CUSTO-BENEF\u00cdCIO DO MERCADO.<\/p>\n<p>========================================================<br \/>\nSeu produto \u00e9 postado no Correios em no M\u00e1ximo 24 horas<br \/>\n\u00fateis ap\u00f3s seu pagamento ser aprovado.<\/p>\n","protected":false},"excerpt":{"rendered":"<p>Com a sua luz na forma de aro voc\u00ea obter\u00e1 os efeitos de<br \/>\num est\u00fadio profissional em todas as suas fotos.<\/p>\n","protected":false},"featured_media":2010,"comment_status":"open","ping_status":"closed","template":"","meta":[],"product_brand":[],"product_cat":[41],"product_tag":[43,44,42],"class_list":{"0":"post-2009","1":"product","2":"type-product","3":"status-publish","4":"has-post-thumbnail","6":"product_cat-ring-light","7":"product_tag-iluminador","8":"product_tag-luz","9":"product_tag-ring-light","11":"first","12":"outofstock","13":"shipping-taxable","14":"purchasable","15":"product-type-simple"},"_links":{"self":[{"href":"https:\/\/hadgitec.com.br\/loja\/wp-json\/wp\/v2\/product\/2009","targetHints":{"allow":["GET"]}}],"collection":[{"href":"https:\/\/hadgitec.com.br\/loja\/wp-json\/wp\/v2\/product"}],"about":[{"href":"https:\/\/hadgitec.com.br\/loja\/wp-json\/wp\/v2\/types\/product"}],"replies":[{"embeddable":true,"href":"https:\/\/hadgitec.com.br\/loja\/wp-json\/wp\/v2\/comments?post=2009"}],"wp:featuredmedia":[{"embeddable":true,"href":"https:\/\/hadgitec.com.br\/loja\/wp-json\/wp\/v2\/media\/2010"}],"wp:attachment":[{"href":"https:\/\/hadgitec.com.br\/loja\/wp-json\/wp\/v2\/media?parent=2009"}],"wp:term":[{"taxonomy":"product_brand","embeddable":true,"href":"https:\/\/hadgitec.com.br\/loja\/wp-json\/wp\/v2\/product_brand?post=2009"},{"taxonomy":"product_cat","embeddable":true,"href":"https:\/\/hadgitec.com.br\/loja\/wp-json\/wp\/v2\/product_cat?post=2009"},{"taxonomy":"product_tag","embeddable":true,"href":"https:\/\/hadgitec.com.br\/loja\/wp-json\/wp\/v2\/product_tag?post=2009"}],"curies":[{"name":"wp","href":"https:\/\/api.w.org\/{rel}","templated":true}]}}